62
What is the greatest common divisor of 29547296 and 7152?
2384
What is the greatest common divisor of 2892000 and 7750?
250
Calculate the greatest common factor of 17138539 and 391808.
3061
What is the greatest common factor of 220484 and 6523?
11
What is the highest common divisor of 7875231 and 1869?
21
What is the greatest common divisor of 8812 and 1922602160?
8812
Calculate the greatest common factor of 108173 and 4616989.
689
Calculate the highest common factor of 3523589 and 1.
1
What is the greatest common factor of 567 and 395316369?
567
What is the highest common factor of 838081 and 1763?
41
Calculate the highest common divisor of 14355 and 9001890.
1305
What is the greatest common divisor of 1013079039 and 651?
651
Calculate the greatest common divisor of 31403 and 97836.
31
Calculate the greatest common divisor of 18845701 and 931.
133
What is the greatest common divisor of 18 and 519039558?
18
What is the greatest common divisor of 6498 and 2507661?
9
Calculate the greatest common divisor of 335 and 11885.
5
What is the highest common divisor of 5703785 and 568?
71
What is the greatest common factor of 246351637 and 651?
217
What is the greatest common factor of 35 and 156879205?
35
Calculate the greatest common divisor of 31440 and 32000680.
5240
Calculate the highest common divisor of 17924368 and 64.
16
What is the highest common divisor of 139710 and 7230?
30
Calculate the greatest common factor of 99764696 and 31.
31
What is the greatest common factor of 64824470 and 10?
10
Calculate the highest common divisor of 17579233 and 14.
7
What is the highest common factor of 3915691 and 4316?
1079
What is the highest common divisor of 196775590 and 550?
110
Calculate the greatest common divisor of 2038043 and 4667.
359
Calculate the greatest common divisor of 705824 and 6.
2
What is the greatest common factor of 12 and 273907260?
12
What is the highest common divisor of 27141345 and 88641?
1323
What is the greatest common factor of 64 and 99295328?
32
Calculate the greatest common factor of 191922 and 480.
6
What is the highest common factor of 1080760 and 4840?
40
Calculate the greatest common divisor of 722975 and 121.
121
Calculate the greatest common factor of 1702484 and 52.
4
Calculate the greatest common factor of 484 and 5367802.
242
Calculate the greatest common factor of 25631509 and 766.
383
What is the highest common factor of 4520 and 72640?
40
Calculate the highest common factor of 801 and 6109583.
89
Calculate the greatest common factor of 512 and 2195776.
64
What is the highest common factor of 2259496 and 183592?
424
Calculate the greatest common factor of 714 and 3718869.
357
What is the greatest common divisor of 73264 and 148200?
152
What is the highest common factor of 682 and 1485024?
62
Calculate the greatest common factor of 45721 and 80132.
13
Calculate the greatest common factor of 1323483 and 456.
57
What is the highest common factor of 1268192 and 64?
32
Calculate the greatest common factor of 52 and 1688557.
13
Calculate the greatest common factor of 198 and 6542217.
99
What is the highest common divisor of 635400 and 80837?
353
Calculate the greatest common factor of 21 and 1495101.
3
What is the highest common factor of 113491 and 51125865?
3661
What is the highest common factor of 20 and 1283035340?
20
What is the highest common factor of 11060 and 1084825630?
5530
What is the greatest common factor of 104141890 and 10?
10
What is the greatest common divisor of 120822 and 9789?
39
Calculate the greatest common factor of 2156 and 25196952.
44
What is the greatest common divisor of 10276544 and 309748?
844
What is the greatest common divisor of 113863 and 15469?
31
Calculate the greatest common divisor of 10815 and 3452869.
721
Calculate the greatest common divisor of 474 and 3128479.
79
What is the greatest common factor of 382391514 and 207?
207
Calculate the greatest common factor of 7514214 and 93.
93
Calculate the greatest common divisor of 2974771 and 3790.
379
Calculate the greatest common factor of 22 and 41949182.
22
Calculate the highest common factor of 3189051 and 7533.
81
What is the highest common divisor of 1582051 and 827?
827
Calculate the greatest common divisor of 8 and 199487.
1
Calculate the highest common factor of 390335 and 416185.
2585
Calculate the highest common factor of 6738 and 3495899.
1123
What is the greatest common divisor of 267716 and 114036?
68
What is the highest common divisor of 1893 and 23709194?
631
Calculate the greatest common divisor of 141820105 and 4426.
2213
What is the greatest common factor of 1833013 and 533?
13
What is the greatest common divisor of 30209 and 7157?
17
What is the highest common divisor of 70 and 53188990?
10
What is the greatest common divisor of 115635973 and 23?
23
Calculate the greatest common factor of 1140 and 48335240.
380
Calculate the highest common factor of 24 and 37458084.
12
What is the highest common factor of 109541315 and 8710?
4355
Calculate the greatest common factor of 655116 and 2229612.
924
What is the greatest common factor of 4362196 and 3162?
62
Calculate the highest common factor of 226087722 and 21672.
5418
Calculate the greatest common divisor of 233145 and 24167.
11
What is the highest common factor of 6364946 and 344?
86
Calculate the highest common factor of 8520 and 628170.
30
What is the greatest common divisor of 5208818 and 362?
362
Calculate the highest common divisor of 491340 and 24580.
20
What is the highest common factor of 42907 and 649811?
107
What is the greatest common factor of 375168950 and 10?
10
Calculate the highest common divisor of 1553 and 2800442591.
1553
What is the highest common factor of 38300 and 6295754?
766
Calculate the highest common factor of 622271 and 7.
1
What is the greatest common divisor of 657980 and 17560580?
3940
What is the greatest common divisor of 52492 and 88924?
44
Calculate the greatest common divisor of 1733512 and 39336.
88
What is the highest common divisor of 253251 and 540?
9
Calculate the highest common factor of 459840 and 40560.
240
What is the highest common factor of 1161504 and 468?
36
Calculate the greatest common divisor of 9789439 and 277981.
7513
Calculate the greatest common factor of 534092196 and 132.
132
Calculate the greatest common factor of 1735818 and 20239.
37
Calculate the highest common factor of 221 and 7503205.
17
Calculate the greatest common divisor of 1120370 and 19502.
398
What is the greatest common divisor of 177592 and 762353?
281
Calculate the greatest common divisor of 502337 and 1375.
11
What is the highest common divisor of 15476832 and 222264?
4536
Calculate the greatest common divisor of 8848738 and 1298749.
5389
Calculate the greatest common factor of 208 and 12411152.
208
Calculate the greatest common divisor of 393960 and 240.
120
Calculate the greatest common factor of 1148525202 and 485.
97
Calculate the highest common divisor of 4353217 and 1573.
121
Calculate the greatest common divisor of 2118469 and 1403.
61
What is the highest common divisor of 36725 and 419795?
565
Calculate the greatest common divisor of 2320 and 3275463.
29
What is the highest common divisor of 11835 and 14401617?
789
Calculate the highest common divisor of 376975612 and 2990.
598
What is the highest common factor of 124545 and 29697?
57
Calculate the highest common factor of 1064 and 2127104.
56
What is the highest common factor of 27393997 and 799?
47
Calculate the highest common factor of 132 and 1211237808.
132
What is the greatest common factor of 3130 and 2708076?
626
What is the highest common divisor of 8712 and 4008?
24
Calculate the highest common divisor of 42653903 and 1787.
1787
What is the greatest common divisor of 23872 and 1272676?
1492
What is the highest common divisor of 171 and 880251?
57
What is the highest common factor of 8959 and 273544?
31
Calculate the highest common factor of 3353778 and 711549.
1557
What is the highest common factor of 1575334391 and 141?
47
Calculate the greatest common divisor of 36 and 4181697.
9
What is the greatest common factor of 9248048 and 12056?
1096
Calculate the highest common factor of 8679 and 1607982.
789
What is the highest common divisor of 668094 and 1743?
21
What is t